5*v - 12. Let p be n(-4). Suppose j - 6*j = -2*l + p, -5*j - 20 = 0. Calculate the remainder when l is divided by 9.
5
Suppose 104 = 305*t - 301*t. What is the remainder when 27 is divided by t?
1
Let c(n) = 9*n**2 + 11*n - 13. Let v be c(-6). Let y = -145 + v. Calculate the remainder when y is divided by 17.
15
Let p be (-153)/(-6) - 2/4. Let i(o) = o + 2. Let t be i(-20). Let f = p + t. Calculate the remainder when f is divided by 3.
1
Let m(c) = -c**3 - 49*c**2 - 50*c - 10. What is the remainder when 181 is divided by m(-48)?
9
What is the remainder when 67270/682 - 4/(-11) is divided by 10?
9
Let d = -1589 - -1615. What is the remainder when 256 is divided by d?
22
Let m be (-1 - -5)*5*14/4. Suppose -4*d + 3*n + 65 = -68, 0 = 2*d + 2*n - m. Suppose -k = -5 - 94. Calculate the remainder when k is divided by d.
31
Let w = 25 - 15. Suppose 40 + w = 2*m. What is the remainder when 44 is divided by m?
19
Let l = 1469 - 670. Calculate the remainder when l is divided by 32.
31
Suppose 425 = -1745*t + 1750*t. What is the remainder when t is divided by 18?
13
Suppose -4*b + 4*x - 165 = -9*b, -x - 42 = -b. Let f = -2 + 21. What is the remainder when b is divided by f?
18
Let v(j) = 19*j + 8. Suppose 38 - 6 = -4*c. Let m be v(c). Calculate the remainder when (-2)/1 - m/4 is divided by 18.
16
Let w = 157 + -143. Calculate the remainder when 21 is divided by w.
7
Suppose -5*u - 5*o = -5, -o + 6 = 5*u + 1. Suppose -4*t - 19 = -75. Let h = t - 11. What is the remainder when h is divided by u?
0
Suppose -3*r - 86 = -3*a + r, -2*r - 82 = -3*a. Let o = 38 - a. Calculate the remainder when 33 is divided by o.
9
Suppose 0 = -3*o + 5*b - 8*b + 3012, 0 = 2*b - 4. What is the remainder when o is divided by 21?
15
Let o be -6 + 3 + -1 + -2. Let w(t) = t**2 + 3*t + 10. Calculate the remainder when w(-6) is divided by (-88)/o - (-3)/9.
13
Let b = -72 - -75. What is the remainder when 21 is divided by b?
0
Suppose 0 = -2*w + q + 8, -28 = -2*w - q - 3*q. Calculate the remainder when 48 is divided by w.
0
Let w(u) = 2*u**2 - 56*u - 48. Calculate the remainder when 226 is divided by w(29).
6
Let o = -586 - -686. Calculate the remainder when o is divided by 21.
16
What is the remainder when 1/8 + (-68576)/(-256) is divided by 18?
16
Let a be -1*3 - (1 - -1). Let b be 12*((-55)/20 + 2). What is the remainder when b/(((-20)/(-12))/a) is divided by 7?
6
Let p = -234 + 369. Let n = 14 - -9. Calculate the remainder when p is divided by n.
20
Suppose 0 = -3*v + o + 164, 3*v - o + 2*o = 166. What is the remainder when 273 is divided by v?
53
Suppose 3*n - 169 - 20 = 0. What is the remainder when n is divided by ((-88)/(-20))/((-5)/(-25))?
19
Let y(k) = 31*k. Suppose 4 = -4*l, -2*l - 611 = -5*b - 6*l. What is the remainder when b is divided by y(1)?
30
Let t be (41/(-2))/(1/2). Let k(m) = m - 25. Let a be k(12). Let o = a - t. What is the remainder when 54 is divided by o?
26
Let k(j) = 119*j**2 - 8*j + 31. What is the remainder when k(3) is divided by 60?
58
Suppose 0 = -21*j + 11*j + 200. Calculate the remainder when 55 is divided by j.
15
Suppose -23*d + 11*d = -552. Calculate the remainder when 342 is divided by d.
20
Suppose -22*f = 254 - 1090. Calculate the remainder when 71 is divided by f.
33
Suppose -14 = -12*o + 10*o. What is the remainder when 274 is divided by o?
1
Suppose 5*i - 4*n = 4*i - 2, -3*n + 3 = 0. Suppose 27 = i*w + 9. Let k = 59 - 56. Calculate the remainder when w is divided by k.
0
Let m = 322 - 315. Calculate the remainder when m is divided by 5*(0 + -1 - -2).
2
What is the remainder when 365 is divided by 4 - (-11 + 4)*6?
43
Let v(y) = 19*y**3 + 2*y - 3. Calculate the remainder when v(1) is divided by 11.
7
Let s(w) = w**3 - 5*w**2 + 5*w. What is the remainder when 171 is divided by s(5)?
21
Suppose 2*z + 0*z = -350. Suppose -58*i - 1962 = -40*i. Let s = i - z. What is the remainder when s is divided by 18?
12
Let s(u) = -2*u**2 + 17*u - 3. Calculate the remainder when s(6) is divided by 8.
3
Let l(k) = -k**2 - 13*k - 8. Let c be l(-12). Suppose -91 = -c*r - 55. What is the remainder when 16 is divided by r?
7
Let t(x) = x**2 + 2*x - 3. Let n be t(-4). Suppose -p = -2*p + n. Calculate the remainder when 13 is divided by p.
3
Suppose -657 = 16*f - 7457. Calculate the remainder when f is divided by 71.
70
Let c(v) be the third derivative of v**5/60 + v**4/24 + v**3/3 + 2*v**2. What is the remainder when 9 is divided by c(-2)?
1
Suppose 0 = -v + 6*v + 15. Let f be 3/(-6)*0/v. Suppose 4*t + 5*u - 77 = f, 0*t - 49 = -3*t - 2*u. What is the remainder when 25 is divided by t?
12
Suppose 0 = 596*h - 600*h + 80. Calculate the remainder when 72 is divided by h.
12
Let x = -145 + 148. Suppose 5*k - 100 = x*z + 2*z, 5*z - 14 = -k. Suppose 3*i - 27 = 3. What is the remainder when k is divided by i?
9
Let z(f) = 21*f**3 + 2*f**2 - 10*f + 8. Let n(l) = -9*l**3 + 2*l - 1. Let g be n(1). What is the remainder when (-239)/(-4) + (-2)/g is divided by z(1)?
18
Suppose 332 = -9*f + 458. What is the remainder when 101 is divided by f?
3
Let m = -6 - -10. Suppose -m*z + 3*k = -265, k = z - 0*k - 66. Let s(c) = 12*c - 187. What is the remainder when z is divided by s(17)?
16
Suppose 0 = -2*d + 7*d - 45. Let u(j) = 90*j**2 + 435*j + 4. Calculate the remainder when u(-5) is divided by d.
7
Suppose -18*h = -291 - 681. What is the remainder when h is divided by 19?
16
Suppose 76 = 20*u - 16*u - j, 2*u - 16 = -5*j. Calculate the remainder when 29 is divided by u.
11
Suppose -51*z = -59*z + 216. Calculate the remainder when z is divided by 10.
7
Let h = 32 - 12. Let r = -2 + h. Suppose -y = -3*t - t - r, -y = -5*t - 19. Calculate the remainder when 68 is divided by y.
12
Let z(i) = -i**3 + 25*i**2 - 17*i + 275. Calculate the remainder when z(24) is divided by 50.
43
Suppose 112 = 57*x - 50*x. Calculate the remainder when 142 is divided by x.
14
Let z(f) = -2*f**3 - 3*f**2 + 3*f - 1. Calculate the remainder when 97 is divided by z(-3).
12
Let f = -888 + 904. Calculate the remainder when 206 is divided by f.
14
Suppose 2*z - 15 - 41 = 0. Let y be (-6)/(-4)*(-10)/(-3). Suppose y*n - 122 = 283. What is the remainder when n is divided by z?
25
Suppose -19*d + 18*d = -50. Suppose -x - x + d = 0. Calculate the remainder when x is divided by 9.
7
Suppose 2*h - 4*u = 0, -h - 4 = -5*u + 2. Suppose 4*z - 10 - 6 = 0. Suppose -o - h*t + 10 = o, 0 = -z*o - t + 13. What is the remainder when 8 is divided by o?
2
Let q(w) = 2*w - 4. Let i be q(4). Let o be (0 - -8 - i) + 36. Let f = o - 34. What is the remainder when 16 is divided by f?
4
Let k = 14 - 2. Suppose 3*p + 63 = k*p. Suppose j = 1, 0 = -4*s + 3*s + 3*j. Calculate the remainder when p is divided by s.
1
Suppose -7*w = 83 - 531. Let x be (-3)/(-1)*(3 - 2). Suppose -i + x*i = 66. What is the remainder when w is divided by i?
31
Let m(g) = g + 7. Let x be m(-7). Suppose -3*h - 3 = x, 3*q + 85 = -4*h - 0*h. Let v = -13 - q. What is the remainder when v is divided by 9?
5
What is the remainder when 161 is divided by (-66)/8*112/(-21)?
29
Let q = 48 - 49. Let k(b) = -47*b**3 - b**2 - b. Calculate the remainder when k(q) is divided by 5.
2
Let i(y) = -6*y + 1. Let q(c) = 4*c - 19. Let o be q(4). What is the remainder when 714/63 + 1/o is divided by i(-1)?
4
Suppose 54 + 46 = 5*k. Let l(r) = 5*r**3 - 22*r**2 + 7*r + 11. Calculate the remainder when k is divided by l(4).
6
Suppose 0*v = -3*v + 15. Let k(w) = -4*w + 35. What is the remainder when (0 - 87)*(-2)/3 is divided by k(v)?
13
Let d = 29 + -27. What is the remainder when 8 is divided by d?
0
Suppose 0 = -5*o, -3*o - 51 = -3*k - 8*o. Calculate the remainder when 48 is divided by k.
14
Suppose 0 = -g - 5*y + 62, -2*g + 138 = -3*y - y. Calculate the remainder when 397 is divided by g.
62
Let g be (-2)/(-5) + (-12)/(-40)*-8. What is the remainder when 24 is divided by ((-15)/g)/(18/24)?
4
Suppose -98 = -2*h + 5*t, -t + 80 = 2*h + 3*t. Calculate the remainder when h is divided by 9.
8
Let j(l) be the first derivative of -l**2/2 + 10*l + 10. Let c be j(8). Suppose 7*h - 75 = c*h. What is the remainder when 42 is divided by h?
12
Suppose 718 = -15*y + 8353. What is the remainder when y is divided by 73?
71
Let b = 13 + 1. Calculate the remainder when 14/(-42)*495/(-3) is divided by b.
13
Su